13?
13
What is the greatest common factor of 396 and 465874002?
198
Calculate the highest common factor of 418640328 and 72.
72
Calculate the highest common divisor of 50989261 and 262.
131
What is the highest common divisor of 26095 and 854505?
85
Calculate the greatest common divisor of 178074 and 23318562.
4566
What is the greatest common divisor of 3273621 and 1001?
13
Calculate the highest common factor of 1332435 and 45.
15
Calculate the highest common factor of 382232955 and 205.
205
Calculate the greatest common factor of 248 and 1011692812.
124
What is the greatest common factor of 5952 and 2310306?
186
Calculate the highest common divisor of 121204249 and 19.
19
Calculate the highest common divisor of 21103 and 701787.
449
What is the highest common factor of 9760 and 13845536?
1952
Calculate the highest common divisor of 5993 and 2857739.
461
Calculate the highest common factor of 30368 and 6880.
32
Calculate the greatest common factor of 174243 and 391143.
723
Calculate the highest common divisor of 221296 and 1568.
16
Calculate the greatest common factor of 16745606 and 3341.
257
What is the highest common divisor of 2945899 and 5797?
341
Calculate the highest common factor of 17922904 and 12382.
82
Calculate the greatest common factor of 273 and 57773989.
91
What is the greatest common divisor of 104495776 and 84?
28
What is the greatest common divisor of 5963 and 9009825?
67
Calculate the greatest common divisor of 7232 and 580481.
113
What is the highest common divisor of 19106 and 105493?
41
What is the highest common factor of 313 and 5648711?
313
Calculate the greatest common factor of 63 and 154411875.
9
What is the highest common factor of 490448130 and 510?
510
Calculate the highest common factor of 17171 and 78463.
77
Calculate the greatest common factor of 793820918 and 22.
22
Calculate the greatest common divisor of 1057315 and 493.
17
Calculate the highest common divisor of 101952 and 11649609.
1593
Calculate the greatest common factor of 41148 and 9852.
12
Calculate the greatest common divisor of 2854 and 2050.
2
What is the greatest common factor of 414 and 7227324?
18
What is the highest common divisor of 2745 and 154269?
549
What is the highest common divisor of 48863 and 24497?
131
What is the highest common divisor of 11806407 and 12411?
1773
What is the greatest common factor of 12418 and 1246?
14
Calculate the greatest common factor of 734 and 9722931.
367
What is the greatest common factor of 86103250 and 500?
250
Calculate the highest common divisor of 4284064 and 64.
32
What is the greatest common divisor of 644 and 1615376?
28
What is the highest common divisor of 1319550 and 15675?
1425
Calculate the highest common factor of 26883 and 310339.
103
What is the highest common divisor of 123296722 and 3012?
502
Calculate the highest common factor of 41280 and 190646520.
5160
Calculate the greatest common divisor of 143751140 and 21240.
1180
Calculate the greatest common divisor of 2443 and 34733527.
349
What is the highest common factor of 1820 and 9257885?
455
What is the greatest common factor of 456550 and 14720?
230
What is the highest common divisor of 2895585 and 210?
105
Calculate the highest common divisor of 742867000 and 15920.
7960
What is the greatest common factor of 19305 and 11013255?
495
Calculate the highest common divisor of 2048 and 10416768.
128
What is the greatest common factor of 7273312 and 1628?
148
What is the highest common divisor of 217 and 29266108?
31
What is the greatest common factor of 271387 and 1131227?
2687
Calculate the greatest common divisor of 125454 and 491260.
406
Calculate the greatest common divisor of 172095 and 125895.
1155
What is the highest common divisor of 5 and 23972245?
5
What is the highest common factor of 183861 and 150939?
279
What is the greatest common factor of 6228507 and 5466?
2733
What is the highest common factor of 22183028 and 58174?
986
Calculate the greatest common factor of 153341 and 29802733.
2599
What is the highest common factor of 808 and 374600?
8
What is the highest common divisor of 87400 and 50920?
760
What is the highest common divisor of 9620 and 1801540?
260
What is the highest common factor of 25 and 14906495?
5
What is the highest common divisor of 1224517 and 28?
7
Calculate the highest common factor of 328865702 and 157.
157
What is the highest common divisor of 137289256 and 39?
13
Calculate the highest common factor of 15135055 and 637.
13
Calculate the greatest common factor of 75192740 and 140.
140
Calculate the greatest common factor of 117568 and 24512.
64
What is the greatest common factor of 15211 and 9895842?
2173
Calculate the highest common divisor of 71 and 4877037073.
71
What is the greatest common factor of 423 and 287262?
9
What is the highest common factor of 12984477 and 4125?
33
What is the greatest common divisor of 429962 and 523848?
598
What is the highest common divisor of 6855 and 7536387?
1371
Calculate the greatest common divisor of 6672 and 2004936.
3336
What is the highest common divisor of 63239900 and 600?
100
Calculate the greatest common divisor of 12500 and 1296000.
500
Calculate the greatest common divisor of 1350 and 3085170.
30
What is the greatest common divisor of 40 and 852413730?
10
What is the greatest common divisor of 697 and 3904713?
17
What is the greatest common factor of 580382781 and 33?
33
What is the highest common factor of 10540354 and 5294?
5294
What is the highest common divisor of 863944 and 872?
8
What is the greatest common factor of 510 and 2940762?
102
Calculate the greatest common factor of 1600170 and 1668810.
4290
What is the highest common divisor of 5497 and 122368?
239
Calculate the highest common divisor of 377516 and 38.
2
Calculate the highest common divisor of 1353355 and 583.
53
What is the greatest common factor of 40 and 15088700?
20
Calculate the highest common factor of 1402 and 45874.
2
Calculate the greatest common divisor of 8 and 35411848.
8
What is the highest common factor of 1304400445 and 779?
779
What is the greatest common divisor of 787365 and 255?
15
Calculate the greatest common divisor of 92527012 and 316.
316
Calculate the highest common divisor of 162 and 712014.
6
What is the greatest common factor of 2114470 and 190?
10
Calculate the greatest common divisor of 88156046 and 1130.
226
What is the highest common divisor of 381 and 21662517?
381
What is the highest common divisor of 201864 and 39936?
312
What is the highest common factor of 20922460 and 5720?
260
Calculate the highest common divisor of 6908 and 17627332.
628
Calculate the highest common divisor of 1658264862 and 228.
114
What is the highest common factor of 954 and 135514746?
954
Calculate the highest common factor of 460 and 12523270.
230
What is the highest common divisor of 1361350 and 16150?
950
What is the highest common divisor of 33198 and 3958107?
1509
What is the highest common divisor of 6623 and 7840596?
37
What is the greatest common factor of 42786 and 2250?
18
Calculate the greatest common factor of 324 and 4805536.
4
Calculate the highest common divisor of 14668836 and 441.
147
Calculate the highest common factor of 40 and 12905384.
8
What is the greatest common factor of 133764162 and 168?
42
Calculate the highest common factor of 17148243 and 2895.
579
What is the greatest common divisor of 27005 and 5862540?
2455
Calculate the highest common divisor of 1408 and 9282160.
16
Calculate the greatest common factor of 18096 and 9311523.
1131
Calculate the greatest common factor of 70414908 and 36.
12
What is the greatest common divisor of 796186 and 3598?
514
What is the highest common factor of 20540 and 629220?
20
What is the greatest common factor of 8239 and 1364678?
749
Calculate the greatest common divisor of 49623345 and 171.
171
What is the highest common divisor of 1008436 and 2620761?
5863
What is the greatest common factor of 30170 and 486010?
70
Calculate the greatest common factor of 11565 and 605040.
15
Calculate the greatest common divisor of 2176280 and 246822.
2654
What is the greatest common factor of 3133 and 9199211?
241
What is the highest common factor of 240 and 6743568?
48
Calculate the greatest common factor of 9581 and 8710871.
87